actor of 96909131?
False
Does 12 divide 8625324?
True
Is 139 a factor of 14737336?
True
Is 3 a factor of 16368774?
True
Is 304341399 a multiple of 4283?
False
Is 29756994 even?
True
Is 53168370 a multiple of 895?
True
Is 680379 a multiple of 179?
True
Does 225 divide 5667427241?
False
Is 11 a factor of 109011402?
False
Is 677 a factor of 44526213?
False
Does 10 divide 25027280?
True
Is 282402120 a multiple of 1560?
True
Is 117 a factor of 2987161?
False
Does 77 divide 2661009731?
False
Does 18 divide 599362938?
True
Does 14 divide 165418708?
True
Does 39 divide 21401455?
False
Is 439995085 a multiple of 89?
True
Is 205752550 a multiple of 165?
False
Does 8528 divide 3967810744?
False
Is 1300302 a multiple of 94?
True
Is 81198176 a multiple of 855?
False
Does 2903 divide 1922410145?
True
Is 35098473 a multiple of 628?
False
Is 15 a factor of 11869065?
True
Does 13 divide 312611?
True
Is 1798 a factor of 55025992?
True
Does 39 divide 41990403?
True
Does 6 divide 393620640?
True
Is 1973 a factor of 266232761?
False
Is 26760179 a multiple of 212?
False
Is 2495982 a multiple of 643?
False
Is 20036716 a multiple of 2?
True
Does 24 divide 410397576?
True
Is 7 a factor of 75186345?
False
Is 333 a factor of 7645222?
False
Is 52 a factor of 326547832?
True
Is 21099044 a multiple of 361?
False
Does 1365 divide 76816740?
True
Does 6190 divide 457323390?
True
Is 13482346 a multiple of 2?
True
Does 4 divide 300489?
False
Is 33 a factor of 33195756?
True
Is 16618138 a multiple of 3?
False
Is 1377064225 a multiple of 1648?
False
Is 919 a factor of 48462546?
True
Does 83 divide 139841964?
False
Is 1734004190 a multiple of 1260?
False
Is 185112810 a multiple of 12?
False
Is 600 a factor of 1629600?
True
Does 35 divide 50119090?
True
Is 1401 a factor of 48737988?
True
Does 299 divide 802263919?
False
Is 763 a factor of 8951584?
False
Is 24487001 a multiple of 8?
False
Does 138 divide 467849118?
True
Does 1311 divide 108204201?
False
Is 7919436 a multiple of 42?
True
Does 1877 divide 29053105?
False
Is 2484 a factor of 120379608?
True
Does 337 divide 1392850799?
False
Is 58671329 a multiple of 82?
False
Is 1060597 a multiple of 36?
False
Is 578 a factor of 1102698187?
False
Is 5 a factor of 2111205?
True
Does 1563 divide 7868142?
True
Is 168061351 a multiple of 67?
False
Is 1042580 a multiple of 44?
True
Is 101426358 a multiple of 31?
True
Is 63353776 a multiple of 4?
True
Is 22 a factor of 130854218?
True
Is 96445275 a multiple of 1981?
False
Is 3091999278 a multiple of 35?
False
Is 14973307 a multiple of 550?
False
Is 941054424 a multiple of 164?
False
Does 332 divide 918855114?
False
Is 62 a factor of 550563782?
True
Is 11160985 a multiple of 420?
False
Is 92 a factor of 487647536?
False
Is 184796127 a multiple of 5569?
True
Does 22 divide 17990258?
True
Does 109 divide 13812278?
False
Does 51 divide 1174425?
False
Is 232549710 a multiple of 12?
False
Does 199 divide 304022051?
True
Is 3 a factor of 43415034?
True
Does 9114 divide 1423777938?
False
Is 2285774712 a multiple of 2652?
True
Is 1904 a factor of 493136?
True
Is 1838307310 a multiple of 12?
False
Does 38 divide 866719109?
False
Is 1239 a factor of 59340666?
True
Is 47619852 a multiple of 399?
True
Does 21 divide 160413177?
False
Is 523 a factor of 32763858?
True
Does 51 divide 23542901?
False
Does 890 divide 37624854?
False
Is 22559034 a multiple of 730?
False
Is 37 a factor of 1476041?
True
Does 386 divide 2758861660?
True
Is 9940698 a multiple of 9?
True
Does 31 divide 598726498?
True
Is 2158 a factor of 3501155126?
False
Is 648585762 a multiple of 17?
False
Is 4883 a factor of 1242391456?
True
Is 996626340 a multiple of 9?
True
Is 1416 a factor of 112826880?
True
Does 18 divide 924298146?
True
Does 21 divide 45302040?
True
Is 4450451929 a multiple of 21?
False
Is 39 a factor of 379290332?
False
Is 9217 a factor of 433062610?
False
Does 9 divide 36063972?
True
Is 302846700 a multiple of 1159?
True
Is 5679215 a multiple of 249?
False
Is 62397424 a multiple of 47?
False
Is 3461 a factor of 1149150563?
False
Is 258 a factor of 155285814?
True
Is 2241 a factor of 594135249?
False
Is 5 a factor of 966193831?
False
Is 16 a factor of 1186262384?
True
Is 2611440 a multiple of 2340?
True
Is 38613153 a multiple of 17?
False
Is 2046057916 a multiple of 919?
False
Is 63162000 a multiple of 60?
True
Is 76 a factor of 258814323?
False
Does 40 divide 10563982?
False
Is 66 a factor of 1071774?
True
Is 3 a factor of 102483710?
False
Does 65 divide 714531?
False
Is 87 a factor of 99593598?
True
Is 16 a factor of 67368496?
True
Is 247078352 a multiple of 1811?
True
Does 167 divide 958475792?
True
Is 224144363 a multiple of 30?
False
Is 287 a factor of 561152732?
True
Is 1672 a factor of 130837344?
True
Does 9 divide 71118919?
False
Is 19019004 a multiple of 706?
False
Does 82 divide 33365554?
True
Does 345 divide 180309982?
False
Is 151991376 a multiple of 2004?
True
Does 37 divide 78109163?
False
Is 12 a factor of 217613793?
False
Is 3166 a factor of 1042088849?
False
Does 2 divide 12640241?
False
Is 880 a factor of 6098229?
False
Is 262 a factor of 68607335?
False
Is 682 a factor of 7083252?
True
Is 8 a factor of 31529296?
True
Is 114789328 a multiple of 808?
True
Is 134 a factor of 3015233405?
False
Is 2160951010 a multiple of 278?
False
Is 56 a factor of 7895832?
True
Is 123810312 a multiple of 21?
False
Is 6436098 a multiple of 153?
True
Does 3134 divide 341570085?
False
Does 655 divide 23113076?
False
Does 3 divide 117935760?
True
Does 259 divide 7197796?
False
Is 77 a factor of 474790239?
True
Is 3118080252 a multiple of 84?
True
Does 998 divide 27517010?
False
Does 15 divide 330285585?
True
Is 1153 a factor of 86087324?
False
Does 19 divide 310439?
False
Is 20675136 a multiple of 514?
True
Is 792392867 a multiple of 2989?
True
Is 833 a factor of 959606004?
True
Is 166966139 a multiple of 115?
False
Is 717866656 a multiple of 47?
False
Does 14 divide 82718933?
False
Is 545 a factor of 98517364?
False
Is 98424958 a multiple of 23?
True
Is 37 a factor of 1161818803?
False
Is 10825607 a multiple of 13?
True
Is 19 a factor of 63817227?
False
Is 4 a factor of 51101167?
False
Is 30 a factor of 760181057?
False
Does 20 divide 10398739?
False
Does 26 divide 3224122578?
False
Is 4816080 a multiple of 240?
True
Is 139 a factor of 157539173?
False
Is 3615274095 a multiple of 374?
False
Is 68291180 a multiple of 853?
True
Is 183 a factor of 62465403?
True
Does 75 divide 20614934?
False
Is 21 a factor of 34354256?
False
Is 203319729 a multiple of 2979?
True
Is 128 a factor of 275000320?
True
Is 27 a factor of 2299212?
True
Does 168 divide 397302401?
False
Is 794 a factor of 461385989?
False
Is 6 a factor of 1998372?
True
Is 4 a factor of 77240044?
True
Is 60 a factor of 733577580?
True
Is 40165645 a multiple of 13?
True
Does 53 divide 1839972115?
True
Is 38629110 a multiple of 962?
True
Is 373438994 a multiple of 23?
True
Is 1848455516 a multiple of 24?
False
Is 34594269 a multiple of 969?
True
Is 187 a factor of 57229618?
False
Is 30787830 a multiple of 202?
True
Does 185 divide 1075486400?
True
Is 272649870 a multiple of 45?
True
Is 8 a factor of 30375952?
True
Is 27 a factor of 2291045335?
False
Is 33171516 a multiple of 12?
True
Does 2465 divide 1178814765?
True
Is 76 a factor of 523510724?
True
Is 16 a factor of 20895776?
True
Does 13 divide 1455292933?
False
Is 7 a factor of 19036066?
True
Is 397 a factor of 153845157?
False
Is 51 a factor of 56433285?
True
Is 471055392 a multiple of 9?
True
Is 253297999 a multiple of 26?
False
Is 5 a factor of 41858381?
False
Does 231 divide 268067646?
True
Is 168668602 a multiple of 10?
False
Is 9207780 a multiple of 1558?
True
Is 658501004 a multiple of 1372?
True
Is 42 a factor of 15346301?
False
Is 9302726 a multiple of 119?
False
Is 392 a factor of 2864124088?
True
Does 54 divide 396969238?
False
Is 1909 a factor of 67919489?
False
Is 32822527 a multiple of 211?
True
Is 196 a factor of 50368384?
False
Is 83 a factor of 858613918?
True
Is 554 a factor of 529458280?
False
Is 53 a factor of 92122469?
False
Does 1639 divide 179302395?
False
Is 79646608 a multiple of 309?
False
Is 1443 a factor of 11079354?
True
Is 538069246 a multiple of 418?
True
Does 241 divide 178965004?
Fa